e of 0 + 10 + (104 - (28 + -11 + (24 - 21)))?
94
Calculate -11 + -12 + -15 - -23.
-15
What is the value of -110 + (20 + -28 - -87)?
-31
-2 - (-6 + 18 + 1 - (7 + -7 + 3))
-12
(-14 - (-1 + (1 - 2))) + 1875 + -1864
-1
What is the value of -8 + (17 - 10) + -4 + -18 + -1 - 2?
-26
What is -1 + 55 - (-161 - -293)?
-78
7 + 25 + -37 + -7
-12
What is the value of (69 + -10 - 36) + 8?
31
What is -75 + 94 + -19 - (-89 - (0 - 0))?
89
What is the value of (115 - 243) + 108 - (17 + 0)?
-37
What is 7 + -8 + (-10 - -20) + -50 + 1 + 8?
-32
Evaluate -36 + (3 - (-2 + 9 - (19 + 0))).
-21
(2 - -2 - (6 + (-11 - -11))) + -215 + 154
-63
Evaluate -94 + (-17 - -13) - (2 - -2) - -13.
-89
What is -94 + 2 + (-59 + 50 - -21)?
-80
Calculate (-107 - 10) + (4 - -67).
-46
What is (36 + -6 - 42 - (-9 - -2)) + 45?
40
Calculate 31 + (-9 - -26 - (143 + -119)).
24
What is the value of (-4004 - -4081) + 1 + -140?
-62
12 + -6 - (-2 + -16 + 51)
-27
What is the value of -3 + 2 + (-13 - 3) + 49 + -90 + 46?
-12
What is the value of (-3 - -15) + 75 + -66 + -22?
-1
Evaluate (6 + (-16 - -8) - (-27 + 13)) + 60.
72
What is the value of -3 + 6 - (184 + -110 - 84)?
13
What is -36 + 33 + -42 + 12 - -125?
92
What is the value of (-47 - (27 - 71)) + 13 + -46?
-36
What is the value of (87 - 188) + 57 + (2 - -155)?
113
What is 96 + -4 - -11 - ((-6 - -13) + 3 - 11)?
104
What is 5 - (21 + (-14 - -5)) - (5 + (-125 - 19))?
132
Evaluate (80 - (5 - -73)) + 81.
83
What is the value of 35 + (45 - 39 - 3)?
38
Calculate ((1 - (1 - -2)) + 24 + -8 - -11) + 7.
32
-20 + 4 + (-19 - -5 - (9 - 6))
-33
What is the value of (-67 - -75) + -4 + 82?
86
Calculate (1 - -1) + -24 - (-186 - (-333 + 163)).
-6
136 + -96 + (-6 - 51)
-17
35 + 1 + -8 - 32 - 3
-7
What is the value of -15 - -9 - (-72 + -1 + (-18 - (12 + -23)))?
74
What is the value of 83 + (64 - 148) + -33?
-34
What is the value of 93 + -2 + 20 + (0 - 1) + (-6089 - -6079)?
100
What is -42 + (0 - 0) + (13 + -19 + -1 - -3)?
-46
(83 - 43) + -58 - (14 - -1)
-33
What is 94 + (-141 - 25 - -93)?
21
What is the value of -93 - ((-26 - -34) + (5 - 46))?
-60
What is the value of (-1 + 1 - -12) + (5227 - 5233)?
6
38 + -70 + (11 - -25)
4
What is 108 + 0 - (-31 + (25 - 33) - -17)?
130
Calculate -1 - (-16 + (14 - (-2 + 1)) + -9).
9
What is the value of -70 + (-3 - (-2 + -2)) - ((-23 - 43) + 53)?
-56
Evaluate (-4 - (10 + -1) - -32) + 43.
62
What is (-15 - 0 - (-26 - -34)) + 11?
-12
Calculate 79 - (-38 - -96) - 36.
-15
What is the value of 452 - 450 - (2 - (-4 + -14))?
-18
Evaluate -833 + 792 + (4 - -60).
23
Evaluate (-28 - (4 - 28)) + (-6 - 2) + -27.
-39
What is the value of 0 + 87 - (48 - (103 - -3 - 57))?
88
What is the value of (-49 - 1) + (9 - (34 + -16) - (2 - 15))?
-46
What is the value of (33 - -16) + -21 - (7 - -117)?
-96
Evaluate 22 + (15 - (26 + -36 + 29)).
18
Calculate (8 - 9 - (-5 + 2)) + 42 + -26 + -82.
-64
What is the value of 40 - 25 - 2 - (7 - 40)?
46
What is 1 + 23 + 1 + (63 - 8 - 39)?
41
What is -9 - ((73 - -5) + 107 + -115 - (3 - 1))?
-77
What is the value of (-2 - 14 - -20 - (5 + 8 + -4)) + 6?
1
What is the value of (-60 - 17 - -6) + -4?
-75
What is the value of -39 + 0 + (63 - (-27 - -99))?
-48
Evaluate -2 + 40 + -1902 + 1948.
84
21 + -72 + -7 + -19 + 21
-56
Evaluate (283 - (108 - -33)) + -172.
-30
What is -47 + 1 + (732 - 737)?
-51
Calculate 89 + -7 + 18 + -74.
26
What is (-55 - 14) + 78 + (1 - 14) + (65 - 2)?
59
0 - -26 - -1 - (4479 + -4451)
-1
What is the value of 24 + 42 + 12 + -19?
59
Evaluate (20 - (-17 + 19) - (-18 + 21)) + -51 + -1.
-37
What is 78 - (123 + 82 + -33)?
-94
What is the value of 1 - -16 - (27 - (-6 + -30) - 18)?
-28
Calculate 83 - (-7 - (-31 - 39)).
20
Calculate 85 - -16 - (9 + -23 - 10 - -9).
116
What is (27 - -16 - 92) + 57 + -1 + 18?
25
6 - (-6 + 8 + -23 + 48)
-21
What is 2 + 43 + (116 - (44 - -38))?
79
What is 66 + (-178 + 7 - -41)?
-64
(5 - -5 - -5) + 1
16
Evaluate 11 + 64 + -47 - 162 - -34.
-100
Calculate (189 - 161 - 5) + 24 + 1.
48
Calculate -4 - -41 - -1 - (-911 + 896).
53
Evaluate -1 - (-74 + (1 - -12)) - (-3 + 6 + 6).
51
17 + 23 - (-43 + 45)
38
Calculate (-108 - 81) + 113 + 132.
56
Evaluate (-57 - ((-1 - (6 + -13 + -4)) + -14)) + 7.
-46
Calculate 39 + -1 + 2718 + -2774.
-18
Calculate -9 + 103 + -12 + 3 + (-22 - -17).
80
25 + (-80 + 7 - -27)
-21
What is the value of (-6 - (28 - 35)) + 24 + (3 - 0)?
28
What is (-19 - -57) + 3 + -98?
-57
Evaluate 340 + -414 + -1 + 74.
-1
What is the value of -16 - (-4 - 23) - (2 - -4) - 11?
-6
What is the value of (72 - 84 - (2 - 64 - -4)) + -8?
38
-21 + (3 - 33) + -36 - (4 - (4 + -3))
-90
What is (1855 - 1781) + 3 + -65?
12
What is 24 - (34 + (-4 - (-31 - -14)))?
-23
What is the value of 1 + 68 + -1 + (60 - (-23 + 73))?
78
What is the value of 1575 - 1616 - (5 - (0 + -67))?
-113
Calculate 91 + -31 - (-33 + 72) - (-70 - 0).
91
-19 + -39 + (-23 - -45)
-36
Calculate 28 + 30 + -3 + -19.
36
Evaluate 13 - (7 + 119 + 43 + -27).
-129
-46 - (11 - (-14 + 5) - 22)
-44
What is the value of -6 + 60 - (7 - (4 + -19 - -21))?
53
-20 - (35 + -47) - (15 + 43)
-66
What is 114 + -137 + 8 + -2 + 28?
11
What is the value of (-11 - -2 - (0 - 3 - -5)) + (5 - -63)?
57
Calculate ((27 - 25) + 4 - (18 + 1)) + 4.
-9
What is the value of 38 + -140 + 128 + 36?
62
20 - ((-21 - 0) + 78 - 19)
-18
Calculate -3 + (-112 - (5 + -2 + -1 - (-465 - -463))).
-119
Evaluate (-1 + (-5 - -5 - -4) - 17) + 48.
34
What is the value of -122 + (-22 - (-17 + (-29 - -30)))?
-128
What is (5 - 0 - 22) + -8 - (3 - (-1 - -2))?
-27
What is (35 - 42) + -24 - -24?
-7
-74 + 21 - (26 - 77)
-2
What is 63 + -1 + -37 - -18?
43
47 + 2 - (6 - -2 - (193 + -203))
31
Evaluate (-15 - (-1 - 9)) + -6 - 51 - (1 + -6).
-57
Calculate 1 + 6 - -72 - 5 - (-5 - (19 + -38)).
60
-14 + (1 - (-39 + 62 - (5 + -8 + -3)))
-42
Evaluate -83 - (-9 + 0 - (53 + -21 - 27)).
-69
Calculate -150 - -134 - (-3 + -1) - -37.
25
Evaluate 132 + -50 + (-3 - 1) - -36.
114
6 + (3 - 47) - -43
5
Evaluate -14 - (-120 + -16) - 27 - 15.
80
What is -19 - ((-13 + 15 - 19) + -69) - -16?
83
Evaluate 8 - ((18 - 89) + 50 - (-10 - 2)).
17
Calculate 114 - (-13 - -16 - (-8 + 0 - (-182 - -173))).
112
Calculate -4 + (91 - 51 - 54 - (1 + 10)).
-29
What is the value of -4 + (-668 + 669 - (1 + 11))?
-15
(37 + 6 + -25 - 44) + (-1 - -2) + 10
-15
Calculate 2 - 25 - -15 - (-1 - 46).
39
Evaluate 23 + (46 - 8) + (-2 - 10).
49
What is the value of (0 - -4) + -3 + -44 - (29 - (12 + 17))?
-43
Calculate -354 - -356 - (-2 - 9 - -2).
11
Calculate -53 + -10 + 9 - (-2 + (-9 - -15) + -16).
-42
Evaluate 13 + 14 + 146 + -160 + (0 - 13).
0
Calculate -90 - (-100 + (12 - -24)).
-26
What is the value of (1 - (9 + -4)) + 6 + -1?
1
What is the value of -43 + 142 + (-116 - -9)?
-8
What is 20 - (50 + -17 + 10 + (-14 - -18))?
-27
Calculate (83 - (-75 - -229)) + -7.
-78
Evaluate 0 - (-23 - -6) - (-828 - -905).
-60
-18 + (45 - 11) + -28 + 30
18
-19 - (-34 - 55) - 36
34
What is 2 - -91 - (7 + (-179 - -160) + 1 + -3)?
107
Evaluate 39 - 39 - (17 - 7) - 12.
-22
Calculate -324 - -332 - (3 - 1) - (-16 + 2).
20
What is 24 + -3 - (-38 + 74) - -26?
11
Calculate -1 + -30 + 1 - (-10055 - -10003).
22
Calculate -31 + 0 - (162 - 197).
4
What is -37 + (-112 - -58) + 42?
-49
Evaluate 11 - (-1 + 2 + (6 - -11) + -43 + 29).
7
-28 + (-13 - -45) + 29
33
-33 + 27 + -2 + 0 - (-8 + 20)
-20
Calculate 193 + 215 + -103 + -192.
113
(-105 - -91) + 1 + 11 - -4 - (-110 - 0)
112
What is 74 + -29 + 19 + -156?
-92
What is the value of -63 + -12 + 49 + 38 + 10 + 2 + -5?
19
What is -678 + 684 + (-1 - -3) - -67?
75
683 + -721 + 24 + 1
-13
Calculate 11 + -5 + (38 - -17) + -24.
37
What is the value of (-4 - -4) + (1 - 5 - 1) - (-6 + 3)?
-2
-40 - 7 - -3 - (2 - 1)
-45
-41 + (45 - 10) - (-2 + 90 + (1 - -3))
-98
What is the value of (125 - (8 + 68)) + 0 + 7 + 1 - -12?
69
Calculate (-57 - 25 - (-29 - -5)) + (-1 - -10).
-49
What is (-380 - -453) + (14 - 57)?
30
What is the value of 55 - (-21 + (-6 - -16) - -7 - 9)?
68
What is the value of 20 + 2 - ((-2 - 21 - -183) + -21)?
-117
What is (-12 - (-6 + 9)) + 5 + (10 - 5)?
-5
What is 33 - (-22 - (12 - 28)) - -17?
56
Calculate 175 + -195 + 63 + 22 + 0.
65
What is 0 + (20 - 0) + 1289 + -1260?
49
What is the value of -34 - (-71 + 11 - -18) - -46?
54
Calculate -6 - ((24 - -13) + 10 - -8).
-61
What is the value of -1 + -1 - (7 + -25 - 13) - (7 + 